{"id":43,"date":"2015-11-18T07:32:40","date_gmt":"2015-11-18T06:32:40","guid":{"rendered":"http:\/\/www.scriptorium.d100.fr\/?page_id=43"},"modified":"2020-10-07T18:54:19","modified_gmt":"2020-10-07T17:54:19","slug":"wushu-open","status":"publish","type":"page","link":"https:\/\/www.scriptorium.d100.fr\/?page_id=43","title":{"rendered":"Wushu Open"},"content":{"rendered":"<h1 style=\"text-align: left;\" align=\"right\"><strong><a href=\"http:\/\/scriptorium.d100.fr\/wp-content\/uploads\/archives-scriptorium\/jeux_complets\/Wushu_open.zip\">T\u00e9l\u00e9charger l&rsquo;archive<\/a><\/strong><\/h1>\n<p style=\"text-align: left;\" align=\"right\"><strong>Auteur<\/strong> : <a href=\"mailto:dan@bayn.org\">Daniel Bayn<\/a>.<\/p>\n<p><strong>Traduction<\/strong>\u00a0: Denis \u00ab\u00a0Uz\u00a0\u00bb Coste<\/p>\n<p><strong>Adaptation de la licence<\/strong>\u00a0: Pierre \u00ab\u00a0RiP\u00a0\u00bb Pradal<\/p>\n<p><strong>Mise en page<\/strong>\u00a0: Arbital<\/p>\n<p><strong>Relecture et corrections<\/strong>\u00a0: Aegis<\/p>\n<p>L&rsquo;archive comprend un fichier PDF ainsi qu&rsquo;un fichier odt pour faciliter le travail des bricoleurs en herbe.<\/p>\n<hr \/>\n<p>&nbsp;<\/p>\n<p style=\"text-align: left;\" align=\"center\"><b>Wushu<\/b> est un jeu de r\u00f4le d&rsquo;action o\u00f9 les r\u00e8gles et les jets de d\u00e9s c\u00e8dent totalement le pas \u00e0 la description et aux envies des joueurs (et du MJ !). Oubliez les pages et pages de r\u00e8gles, oubliez les modificateurs, tout ce qu&rsquo;il vous faut pour jouer \u00e0 <i>Wushu<\/i>, ce sont des d6 de couleurs diff\u00e9rentes et beaucoup d&rsquo;imagination !<\/p>\n<p style=\"text-align: left;\" align=\"center\">Id\u00e9al pour simuler toutes les grandes aventures d&rsquo;action, comme au cin\u00e9ma, <i>Wushu <\/i>repose sur des principes simples : les joueurs r\u00e9ussissent toujours ce qu&rsquo;ils entreprennent ; et la qualit\u00e9 de leur r\u00e9ussite d\u00e9pend de leur interpr\u00e9tation. Les d\u00e9s dans tout \u00e7a ? Ils jouent le facteur \u00ab\u00a0chance\u00a0\u00bb, comme d&rsquo;habitude, mais leur nombre et donc les chances de r\u00e9ussite d\u00e9pendent avant tout de l&rsquo;interpr\u00e9tation.<\/p>\n<p style=\"text-align: left;\">Ce document de 7 pages r\u00e9sume tout ce qu&rsquo;il y a \u00e0 savoir pour commencer une partie&#8230; pourquoi pas maintenant, tiens ? Cette \u00e9dition intitul\u00e9e <b>Wushu Open<\/b> est la version enti\u00e8rement libre de droits, mise \u00e0 disposition de tous par l&rsquo;auteur.<\/p>\n","protected":false},"excerpt":{"rendered":"<p>T\u00e9l\u00e9charger l&rsquo;archive Auteur : Daniel Bayn. Traduction\u00a0: Denis \u00ab\u00a0Uz\u00a0\u00bb Coste Adaptation de la licence\u00a0: Pierre \u00ab\u00a0RiP\u00a0\u00bb Pradal Mise en page\u00a0: Arbital Relecture et corrections\u00a0: Aegis L&rsquo;archive comprend un fichier PDF ainsi qu&rsquo;un fichier odt pour faciliter le travail des bricoleurs en herbe. &nbsp; Wushu est un jeu de r\u00f4le d&rsquo;action o\u00f9 les r\u00e8gles et les [&hellip;]<\/p>\n","protected":false},"author":1,"featured_media":918,"parent":41,"menu_order":0,"comment_status":"closed","ping_status":"closed","template":"","meta":{"jetpack_post_was_ever_published":false,"footnotes":""},"class_list":["post-43","page","type-page","status-publish","has-post-thumbnail","hentry"],"jetpack_sharing_enabled":true,"jetpack_shortlink":"https:\/\/wp.me\/P6Zja8-H","_links":{"self":[{"href":"https:\/\/www.scriptorium.d100.fr\/index.php?rest_route=\/wp\/v2\/pages\/43","targetHints":{"allow":["GET"]}}],"collection":[{"href":"https:\/\/www.scriptorium.d100.fr\/index.php?rest_route=\/wp\/v2\/pages"}],"about":[{"href":"https:\/\/www.scriptorium.d100.fr\/index.php?rest_route=\/wp\/v2\/types\/page"}],"author":[{"embeddable":true,"href":"https:\/\/www.scriptorium.d100.fr\/index.php?rest_route=\/wp\/v2\/users\/1"}],"replies":[{"embeddable":true,"href":"https:\/\/www.scriptorium.d100.fr\/index.php?rest_route=%2Fwp%2Fv2%2Fcomments&post=43"}],"version-history":[{"count":6,"href":"https:\/\/www.scriptorium.d100.fr\/index.php?rest_route=\/wp\/v2\/pages\/43\/revisions"}],"predecessor-version":[{"id":1105,"href":"https:\/\/www.scriptorium.d100.fr\/index.php?rest_route=\/wp\/v2\/pages\/43\/revisions\/1105"}],"up":[{"embeddable":true,"href":"https:\/\/www.scriptorium.d100.fr\/index.php?rest_route=\/wp\/v2\/pages\/41"}],"wp:featuredmedia":[{"embeddable":true,"href":"https:\/\/www.scriptorium.d100.fr\/index.php?rest_route=\/wp\/v2\/media\/918"}],"wp:attachment":[{"href":"https:\/\/www.scriptorium.d100.fr\/index.php?rest_route=%2Fwp%2Fv2%2Fmedia&parent=43"}],"curies":[{"name":"wp","href":"https:\/\/api.w.org\/{rel}","templated":true}]}}