{"id":234,"date":"2015-11-19T13:46:03","date_gmt":"2015-11-19T12:46:03","guid":{"rendered":"http:\/\/www.scriptorium.d100.fr\/?page_id=234"},"modified":"2020-10-07T17:34:05","modified_gmt":"2020-10-07T16:34:05","slug":"conan","status":"publish","type":"page","link":"https:\/\/www.scriptorium.d100.fr\/?page_id=234","title":{"rendered":"Conan"},"content":{"rendered":"<h1><a href=\"http:\/\/www.scriptorium.d100.fr\/wp-content\/uploads\/archives-scriptorium\/conan\/Conan.zip\">T\u00e9l\u00e9charger l&rsquo;archive<\/a><\/h1>\n<hr \/>\n<p>Des aides de jeu pour Conan d20, avec des sc\u00e9narios pour Conan d20 et Barbarians of Lemuria.<\/p>\n<h1>Contenu de l&rsquo;archive<\/h1>\n<h2>Aides de jeu<\/h2>\n<h3>Cr\u00e9er un personnage pour Conan d20<\/h3>\n<p><i>Par Arasmo<\/i><\/p>\n<p>Les heureux possesseurs du livre de base de Conan d20, \u00e9dition Atlante, auront remarqu\u00e9 que les informations relatives \u00e0 la cr\u00e9ation de personnage sont diss\u00e9min\u00e9es sur plusieurs chapitres.<br \/>\nCette aide de jeu vise \u00e0 synth\u00e9tiser les principales informations de cr\u00e9ation d\u2019un personnage de niveau 1 pour simplifier le travail des joueurs et du MJ.<\/p>\n<div align=\"justify\">\n<h3>Fiche de comp\u00e9tences<\/h3>\n<\/div>\n<p align=\"justify\"><i>Par Rowen Ellendyl<\/i><\/p>\n<p>Une feuille de comp\u00e9tences ultra-compl\u00e8te et totalement automatis\u00e9e. Si vous n&rsquo;\u00eates pas familier avec le syst\u00e8me de comp\u00e9tences du d20, voil\u00e0 un moyen de vous mettre dans le bain facilement.<\/p>\n<h2>Sc\u00e9narios<\/h2>\n<h3>L&rsquo;Ascension de Titus Vulo<\/h3>\n<p><em>Par Thanatos<\/em><\/p>\n<h5>Pour Conan d20, personnages de niveau 5 \u00e0 6<\/h5>\n<p>Ce sc\u00e9nario pour Conan d20 est pr\u00e9vu pour des personnages de niveau 5 \u00e0 6. Il se d\u00e9roule dans la cit\u00e9 de Ramuda, \u00e0 l\u2019est des Royaumes frontaliers. Les PJ sont les t\u00e9moins d\u2019un meurtre bien \u00e9trange, qui les conduit sur la piste d\u2019une ombre myst\u00e9rieuse. Ils risquent de troubler les r\u00eaves de pouvoir d\u2019un important personnage : le fameux Titus Vulo\u2026<\/p>\n<h3>Les Aventuriers du Palais Perdu<\/h3>\n<p><em>Par Thanatos<\/em><\/p>\n<h5>Pour Barbarians of Lemuria<\/h5>\n<p>Un tr\u00e9sor enfoui dans des ruines antiques: voil\u00e0 une bonne raison de partir \u00e0 l&rsquo;aventure! Si seulement l&rsquo;exp\u00e9dition \u00e9tait de tout repos&#8230; Automates, d\u00e9mons, \u00e9l\u00e9mentaires et esprits tourment\u00e9s feront de leur mieux pour emp\u00eacher nos H\u00e9ros d&rsquo;atteindre la richesse et la gloire.<\/p>\n<h3>Les Fils de l&rsquo;Araign\u00e9e<\/h3>\n<p><em>Par Thanatos<\/em><\/p>\n<h5>Pour Conan d20, personnages de niveau 2<\/h5>\n<p>Les Fils de l\u2019Araign\u00e9e est un sc\u00e9nario con\u00e7u pour un groupe de 4 \u00e0 5 personnages de niveau 2. Il s\u2019agit d\u2019une introduction \u00e0 l\u2019univers et au jeu, d\u2019un point de d\u00e9part pour vos aventures dans les Royaumes Hyboriens. Les PJ sont des mercenaires moisissant dans un fortin du Turan. Saisiront-ils la chance qui leur est offerte de devenir des h\u00e9ros ? En poursuivant des pillards nomades et en affrontant un culte d\u00e9moniaque, les PJ vont faire leur premier pas sur les traces du barbare cimm\u00e9rien\u2026<\/p>\n<h3>La perle d&rsquo;Issi-Lungo<\/h3>\n<p><em>Par Thanatos<\/em><\/p>\n<h5>Pour Conan d20, personnages de niveau 4-5<\/h5>\n<p>La perle d&rsquo;Issi-Lungo est une courte aventure destin\u00e9e \u00e0 \u00eatre jou\u00e9e comme interlude dans le sc\u00e9nario <em>Les rois de la Mer du Sud<\/em>. Dans celle-ci, les PJ apprennent l\u2019existence d\u2019une perle l\u00e9gendaire, cach\u00e9e dans l\u2019une des \u00eeles de l\u2019archipel des \u00celes des Perles. Ils partent donc \u00e0 sa recherche. Mais la tribu d\u2019indig\u00e8nes habitant l\u2019\u00eele d\u00e9fend f\u00e9rocement a perle. Et d\u2019autres dangers plus grands encore guettent les aventuriers dans leur chasse au tr\u00e9sor\u2026<\/p>\n<h3>Les Rois des Mers du Sud<\/h3>\n<p><em>Par Thanatos<\/em><\/p>\n<h5>Pour Conan d20, personnages de niveau 4-5<\/h5>\n<p>Ce sc\u00e9nario est celui d&rsquo;une aventure que le Cimm\u00e9rien lui-m\u00eame ne renierait pas. Les personnages y sont d&rsquo;abord ballott\u00e9s comme des f\u00e9tus de paille par le destin, avant d&rsquo;avoir une occasion unique de le prendre en main. Vont-ils choisir la facilit\u00e9 ou se forgeront-ils un empire par l&rsquo;\u00e9p\u00e9e, tels Conan lui-m\u00eame ?<\/p>\n<h3>Les Yeux Morts<\/h3>\n<p><em>Traduit par Thanatos<\/em><\/p>\n<h5>Conan d20, pour personnages de niveau 6 \u00e0 8<\/h5>\n<p>Dans les \u00e9tendues glac\u00e9es de l&rsquo;Hyperbor\u00e9e, les personnages conna\u00eetront les affres de la servitude et l&rsquo;angoisse de la fuite, alors que r\u00f4dent les Yeux Morts&#8230;<\/p>\n<h3>Oranges Am\u00e8res<\/h3>\n<p><em>Traduit par Thanatos<\/em><\/p>\n<h5>Conan d20, pour personnages de niveau 3 \u00e0 6<\/h5>\n<p>Dans ce sc\u00e9nario, les PJ devront kidnapper la fille d&rsquo;un riche propri\u00e9taire terrien pour le compte d&rsquo;un baron zingarien. Une affaire louche qui offre aux PJ de nombreuses opportunit\u00e9s de changer d&rsquo;all\u00e9geance!<\/p>\n<h3>Sur les pas des Vagabonds<\/h3>\n<p><em>Par<\/em> Thanatos<\/p>\n<h5>Pour Barbarians of Lemuria<\/h5>\n<p>Ce sc\u00e9nario est une saga introductive au syst\u00e8me de jeu intuitif de Barbarians of Lemuria dans le monde de Conan. L&rsquo;intrigue commence par l&rsquo;exploration de ruines dangereuses avant de prendre une toute autre tournure. Les H\u00e9ros vont faire la connaissance des Vagabonds, des nomades vivant en marge de la soci\u00e9t\u00e9 et qui auront besoin de leur aide pour sortir l&rsquo;un d&rsquo;entre eux d&rsquo;une p\u00e9rilleuse situation.<\/p>\n","protected":false},"excerpt":{"rendered":"<p>T\u00e9l\u00e9charger l&rsquo;archive Des aides de jeu pour Conan d20, avec des sc\u00e9narios pour Conan d20 et Barbarians of Lemuria. Contenu de l&rsquo;archive Aides de jeu Cr\u00e9er un personnage pour Conan d20 Par Arasmo Les heureux possesseurs du livre de base de Conan d20, \u00e9dition Atlante, auront remarqu\u00e9 que les informations relatives \u00e0 la cr\u00e9ation de [&hellip;]<\/p>\n","protected":false},"author":1,"featured_media":512,"parent":0,"menu_order":0,"comment_status":"closed","ping_status":"closed","template":"","meta":{"footnotes":""},"class_list":["post-234","page","type-page","status-publish","has-post-thumbnail","hentry"],"jetpack_sharing_enabled":true,"jetpack_shortlink":"https:\/\/wp.me\/P6Zja8-3M","_links":{"self":[{"href":"https:\/\/www.scriptorium.d100.fr\/index.php?rest_route=\/wp\/v2\/pages\/234","targetHints":{"allow":["GET"]}}],"collection":[{"href":"https:\/\/www.scriptorium.d100.fr\/index.php?rest_route=\/wp\/v2\/pages"}],"about":[{"href":"https:\/\/www.scriptorium.d100.fr\/index.php?rest_route=\/wp\/v2\/types\/page"}],"author":[{"embeddable":true,"href":"https:\/\/www.scriptorium.d100.fr\/index.php?rest_route=\/wp\/v2\/users\/1"}],"replies":[{"embeddable":true,"href":"https:\/\/www.scriptorium.d100.fr\/index.php?rest_route=%2Fwp%2Fv2%2Fcomments&post=234"}],"version-history":[{"count":7,"href":"https:\/\/www.scriptorium.d100.fr\/index.php?rest_route=\/wp\/v2\/pages\/234\/revisions"}],"predecessor-version":[{"id":1088,"href":"https:\/\/www.scriptorium.d100.fr\/index.php?rest_route=\/wp\/v2\/pages\/234\/revisions\/1088"}],"wp:featuredmedia":[{"embeddable":true,"href":"https:\/\/www.scriptorium.d100.fr\/index.php?rest_route=\/wp\/v2\/media\/512"}],"wp:attachment":[{"href":"https:\/\/www.scriptorium.d100.fr\/index.php?rest_route=%2Fwp%2Fv2%2Fmedia&parent=234"}],"curies":[{"name":"wp","href":"https:\/\/api.w.org\/{rel}","templated":true}]}}