{"id":133,"date":"2015-11-18T16:22:17","date_gmt":"2015-11-18T15:22:17","guid":{"rendered":"http:\/\/www.scriptorium.d100.fr\/?page_id=133"},"modified":"2020-10-07T18:47:51","modified_gmt":"2020-10-07T17:47:51","slug":"microlite20","status":"publish","type":"page","link":"https:\/\/www.scriptorium.d100.fr\/?page_id=133","title":{"rendered":"Microlite20"},"content":{"rendered":"<h1><a href=\"http:\/\/www.scriptorium.d100.fr\/wp-content\/uploads\/archives-scriptorium\/jeux_complets\/Microlite20.zip\">T\u00e9l\u00e9charger l&rsquo;archive<\/a><\/h1>\n<hr \/>\n<p>&nbsp;<\/p>\n<p>Cr\u00e9\u00e9 par Robin Stacey, Darrell King &amp; Al Krombach, Microlite20 est une variante tr\u00e8s \u00e9pur\u00e9e du syst\u00e8me d20, particuli\u00e8rement adapt\u00e9e aux Meneurs de Jeu qui veulent un jeu rapide \u00e0 lire et simple d&rsquo;acc\u00e8s.<\/p>\n<p>Cette section regroupe plusieurs variantes du syst\u00e8me Microlite20 ainsi que de nombreuses aides de jeu.<\/p>\n<h2>Les jeux de l&rsquo;archive<\/h2>\n<p><strong>Microlite20 &#8211; Purest Essence<\/strong> : la version classique du jeu.<\/p>\n<p><strong>Microlite74<\/strong> : cette variante ressuscite l&rsquo;ambiance des d\u00e9buts du jeu de r\u00f4le. Nostalgie garantie !<\/p>\n<p><strong>Micro6<\/strong> : la simplicit\u00e9 de Microlite20 alli\u00e9e aux innovations du syst\u00e8me E6 d&rsquo;Islayre d&rsquo;Ardoth, une v\u00e9ritable r\u00e9invention du syst\u00e8me d20.<\/p>\n<p><strong>Minilite20<\/strong> : un jeu de Gatchaman qui pr\u00e9serve la simplicit\u00e9 de Microlite20 tout en enrichissant consid\u00e9rablement la cr\u00e9ation et l&rsquo;\u00e9volution des personnages.<\/p>\n<h2>Contenu de l&rsquo;archive<\/h2>\n<h3>Microlite20 &#8211; Purest Essence<\/h3>\n<p><em>Par Robin V. Stacey, Darrell King &amp; Al Krombach, traduit et adapt\u00e9 par Arasmo et Hunka<\/em><\/p>\n<p>Le syst\u00e8me d20 vous parait trop lourd ? Vous devez initier de nouveaux joueurs et avez peur de les rebuter avec un bon gros D&amp;D ? La solution est toute trouv\u00e9e : adoptez Microlite20 &#8211; Purest Essence. Tout en restant compatible avec l&rsquo;essentiel du DRS, Microlite20 simplifie les r\u00e8gles pour ne garder que l&rsquo;essentiel et le plus facile \u00e0 retenir !<\/p>\n<h4>Cartes de sorts<\/h4>\n<p>Par Gatchaman<\/p>\n<p>Cette aide de jeu contient 36 cartes qui tiennent en 5 pages A4. \u00a0Chaque carte d\u00e9taille tous les sorts d&rsquo;illusion, divins, profanes ou druidiques d&rsquo;un niveau donn\u00e9 : le pense-b\u00eate parfait pour des joueurs \u00a0qui veulent incarner des lanceurs de sorts !<\/p>\n<h4>\u00c9cran du MJ<\/h4>\n<p>Un \u00e9cran qui regroupe des rappels de r\u00e8gle ainsi que des aides de jeu.<\/p>\n<p>Par Ovanna.<\/p>\n<h4>Fiches de personnage<\/h4>\n<p>Une fiche tr\u00e8s simple. Par Arasmo.<\/p>\n<p>Une fiche extr\u00eamement compl\u00e8te, avec des rappels de r\u00e8gles. Le mode d&#8217;emploi est \u00e0 t\u00e9l\u00e9charger ici. Par Ovanna<\/p>\n<h4>R\u00e8gles Avanc\u00e9es<\/h4>\n<p><em>Par Hunka\u00a0avec la participation d&rsquo;<\/em><em>Arasmo<\/em><\/p>\n<p>Voici quelques r\u00e8gles avanc\u00e9es toutes simples \u00e0 mettre en place dans votre partie de Microlite20. Quelques nouvelles races, classes, ainsi que la gestion des ma\u00eetrises d&rsquo;armes et enfin des informations suppl\u00e9mentaires sur les sorts.<\/p>\n<h4>R\u00e8gles Avanc\u00e9es &#8211; Opus<\/h4>\n<p><em>Par Arbital<\/em><\/p>\n<p>Voici de nouvelles r\u00e8gles avanc\u00e9es pour Microlite20 qui vous permettront de donner plus de relief \u00e0 vos h\u00e9ros. Des d\u00e9s d&rsquo;h\u00e9ro\u00efsme pour des aventures hautes en couleur, des points d&rsquo;aptitude pour ce qui n&rsquo;est pas couvert par les comp\u00e9tences, des r\u00e8gles de magie \u00e9volu\u00e9es, etc.<\/p>\n<h3>Microlite74<\/h3>\n<p><em>Par Arbital<\/em> et Porphyre75<\/p>\n<p>Microlite74 est une variante de Microlite20 qui cherche \u00e0 \u00e9muler l&rsquo;ambiance de la toute premi\u00e8re \u00e9dition du plus c\u00e9l\u00e8bre des jeux de r\u00f4le, celle parue en 1974.<\/p>\n<h3>Micro6<\/h3>\n<p><em>Par Islayre d&rsquo;Argoth, avec une mise en page <em>d&rsquo;Arbital<\/em><\/em><\/p>\n<p>Selon les propres termes de l&rsquo;auteur du jeu, Microlite E6 est \u00ab\u00a0<em>un mariage d\u2019amour entre Microlite 20 (la version ultra all\u00e9g\u00e9e du DRS 3.5 et E6, ce \u00ab jeu \u00e0 l\u2019int\u00e9rieur du jeu \u00bb qui donne au \u00ab plus populaire des jeux de r\u00f4les \u00bb un bon go\u00fbt de bas fantastique \u00e0 l\u2019ancienne.\u00a0\u00bb<\/em><\/p>\n<h4><strong>Feuille de personnage<\/strong><\/h4>\n<p>Une magnifique feuille de personnage pour Micro6 r\u00e9alis\u00e9e par Le Chacal, \u00a0d&rsquo;apr\u00e8s des \u00e9l\u00e9ments graphiques de Dyson Logos<\/p>\n<h4><strong>Le Croc<\/strong><\/h4>\n<p>Une aventure r\u00e9alis\u00e9e par Drake et destin\u00e9e aux amateurs de \u00ab\u00a0hack and slash\u00a0\u00bb. Les joueurs incarnent des aventuriers condamn\u00e9s \u00e0 s\u00e9journer dans la Montagne-Prison du Croc.<\/p>\n<h3>Minilite20<\/h3>\n<p><em>Par\u00a0<\/em>Gatchaman<\/p>\n<p>Ce successeur spirituel du Microlite 20 conserve la simplicit\u00e9 et la concision de son anc\u00eatre tout en enrichissant consid\u00e9rablement la cr\u00e9ation et l&rsquo;\u00e9volution des personnages.<\/p>\n<p>&nbsp;<\/p>\n","protected":false},"excerpt":{"rendered":"<p>T\u00e9l\u00e9charger l&rsquo;archive &nbsp; Cr\u00e9\u00e9 par Robin Stacey, Darrell King &amp; Al Krombach, Microlite20 est une variante tr\u00e8s \u00e9pur\u00e9e du syst\u00e8me d20, particuli\u00e8rement adapt\u00e9e aux Meneurs de Jeu qui veulent un jeu rapide \u00e0 lire et simple d&rsquo;acc\u00e8s. Cette section regroupe plusieurs variantes du syst\u00e8me Microlite20 ainsi que de nombreuses aides de jeu. Les jeux de [&hellip;]<\/p>\n","protected":false},"author":1,"featured_media":0,"parent":41,"menu_order":0,"comment_status":"closed","ping_status":"closed","template":"","meta":{"footnotes":""},"class_list":["post-133","page","type-page","status-publish","hentry"],"jetpack_sharing_enabled":true,"jetpack_shortlink":"https:\/\/wp.me\/P6Zja8-29","_links":{"self":[{"href":"https:\/\/www.scriptorium.d100.fr\/index.php?rest_route=\/wp\/v2\/pages\/133","targetHints":{"allow":["GET"]}}],"collection":[{"href":"https:\/\/www.scriptorium.d100.fr\/index.php?rest_route=\/wp\/v2\/pages"}],"about":[{"href":"https:\/\/www.scriptorium.d100.fr\/index.php?rest_route=\/wp\/v2\/types\/page"}],"author":[{"embeddable":true,"href":"https:\/\/www.scriptorium.d100.fr\/index.php?rest_route=\/wp\/v2\/users\/1"}],"replies":[{"embeddable":true,"href":"https:\/\/www.scriptorium.d100.fr\/index.php?rest_route=%2Fwp%2Fv2%2Fcomments&post=133"}],"version-history":[{"count":5,"href":"https:\/\/www.scriptorium.d100.fr\/index.php?rest_route=\/wp\/v2\/pages\/133\/revisions"}],"predecessor-version":[{"id":1097,"href":"https:\/\/www.scriptorium.d100.fr\/index.php?rest_route=\/wp\/v2\/pages\/133\/revisions\/1097"}],"up":[{"embeddable":true,"href":"https:\/\/www.scriptorium.d100.fr\/index.php?rest_route=\/wp\/v2\/pages\/41"}],"wp:attachment":[{"href":"https:\/\/www.scriptorium.d100.fr\/index.php?rest_route=%2Fwp%2Fv2%2Fmedia&parent=133"}],"curies":[{"name":"wp","href":"https:\/\/api.w.org\/{rel}","templated":true}]}}