{"id":13,"date":"2015-11-17T16:00:00","date_gmt":"2015-11-17T15:00:00","guid":{"rendered":"http:\/\/www.scriptorium.d100.fr\/?page_id=13"},"modified":"2024-07-05T09:09:07","modified_gmt":"2024-07-05T08:09:07","slug":"archives","status":"publish","type":"page","link":"https:\/\/www.scriptorium.d100.fr\/?page_id=13","title":{"rendered":"\u00c0 propos"},"content":{"rendered":"<p>Pendant 8 ans, de 2007 \u00e0 2015, le Scriptorium r\u00e9unissait une communaut\u00e9 de passionn\u00e9s de jeux de r\u00f4le. Au fil des ann\u00e9es, des dizaines de scribes z\u00e9l\u00e9s ont cr\u00e9\u00e9 ou traduit des jeux, des aides de jeu, des sc\u00e9narios et m\u00eame des campagnes m\u00e9morables, et les ont diffus\u00e9s gratuitement sur le site.<\/p>\n<p>Ce site conserve donc pr\u00e9cieusement ces travaux, avec l&rsquo;accord des administrateurs de l&rsquo;ancien site.<\/p>\n<p>Aujourd&rsquo;hui, le Scriptorium est un collectif d\u00e9di\u00e9 \u00e0 la cr\u00e9ation et \u00e0 la traduction de jeux, tandis que son label d100.fr traduit les jeux de r\u00f4le Mythras et M-Space.<\/p>\n<h4>Liens<\/h4>\n<p>Le Scriptorium : <a href=\"https:\/\/www.le-scriptorium.fr\">https:\/\/www.le-scriptorium.fr<\/a><\/p>\n<p>d100.fr : <a href=\"https:\/\/www.d100.fr\">https:\/\/www.d100.fr<\/a><\/p>\n<h2>Remerciements<\/h2>\n<p>Les deux Grands Anciens :<\/p>\n<ul>\n<li>Aegis, \u00ab\u00a0l\u2019homme aux 10 000 posts\u00a0\u00bb, cr\u00e9ateur, traducteur et maquettiste d\u2019innombrables documents, et qui trouvait en plus le temps de mettre continuellement \u00e0 jour le contenu du site.<\/li>\n<li>Beuargh, fondateur, m\u00e9c\u00e8ne et administrateur en chef du site. Pendant que les scribes s&rsquo;amusaient \u00e0 gribouiller, lui devait faire tourner la boutique en s&rsquo;occupant des mises \u00e0 jour techniques, en payant les frais d&rsquo;h\u00e9bergement et en r\u00e9solvant les bogues et autres probl\u00e8mes faisant partir du quotidien d&rsquo;un site. Gr\u00e2ce \u00e0 lui, des centaines de personnes purent partager leur passion en toute qui\u00e9tude\u00a0!<\/li>\n<\/ul>\n<p>Les Ma\u00eetres Scribes :<\/p>\n<ul>\n<li>Antanael, auteur de la magnifique Campagne du Sceau des Sept S\u0153urs (D&amp;D 3.5).<\/li>\n<li>Baron Z\u00e9ro et Thanatos, les deux sc\u00e9naristes qu\u2019Hollywood nous enviait !<\/li>\n<li>Krahor et SebL, auteurs de la monumentale saga des Damn\u00e9s de la Treizi\u00e8me Marque (D&amp;D 3.5).<\/li>\n<li>Llochwyn, qui a r\u00e9alis\u00e9 l\u2019ind\u00e9modable logo du Scriptorium et le gabarit InDesign.<\/li>\n<li>Sephirel, cr\u00e9ateur notamment des excellents Horlogerie des Mondes et Project : Eris.<\/li>\n<\/ul>\n<p>Merci aussi \u00e0 Alexis Flamand, Arbital, batronoban, Cramal, drake, Elladan, Erik Mazoyer, Franck Florentin, framboize, Gobelure, Gorulf, Gungnir, Illianna, Hamilcar, hegan, Lohian Lugh, Luhkah, Kakita Shigeru, Kurgan, Lordanor, Magicgus, Mandragorus, Mordicus, MScan, M\u00f6rkhdull, Mugen, Nemra, Philousk, Olivier Fanton, Orgone, Ozcorn, Rajqawee, Renz, Roland Scarron, Rowen Ellendyl, Salvatos, Scap, sirenagore, Stef, Sykes, Thaddeus, Thatane, Thorin, Tristelune, Tynophil, Zarcania et tant d\u2019autres !<\/p>\n","protected":false},"excerpt":{"rendered":"<p>Pendant 8 ans, de 2007 \u00e0 2015, le Scriptorium r\u00e9unissait une communaut\u00e9 de passionn\u00e9s de jeux de r\u00f4le. Au fil des ann\u00e9es, des dizaines de scribes z\u00e9l\u00e9s ont cr\u00e9\u00e9 ou traduit des jeux, des aides de jeu, des sc\u00e9narios et m\u00eame des campagnes m\u00e9morables, et les ont diffus\u00e9s gratuitement sur le site. Ce site conserve [&hellip;]<\/p>\n","protected":false},"author":1,"featured_media":0,"parent":0,"menu_order":0,"comment_status":"closed","ping_status":"closed","template":"","meta":{"jetpack_post_was_ever_published":false,"footnotes":""},"class_list":["post-13","page","type-page","status-publish","hentry"],"jetpack_sharing_enabled":true,"jetpack_shortlink":"https:\/\/wp.me\/P6Zja8-d","_links":{"self":[{"href":"https:\/\/www.scriptorium.d100.fr\/index.php?rest_route=\/wp\/v2\/pages\/13","targetHints":{"allow":["GET"]}}],"collection":[{"href":"https:\/\/www.scriptorium.d100.fr\/index.php?rest_route=\/wp\/v2\/pages"}],"about":[{"href":"https:\/\/www.scriptorium.d100.fr\/index.php?rest_route=\/wp\/v2\/types\/page"}],"author":[{"embeddable":true,"href":"https:\/\/www.scriptorium.d100.fr\/index.php?rest_route=\/wp\/v2\/users\/1"}],"replies":[{"embeddable":true,"href":"https:\/\/www.scriptorium.d100.fr\/index.php?rest_route=%2Fwp%2Fv2%2Fcomments&post=13"}],"version-history":[{"count":29,"href":"https:\/\/www.scriptorium.d100.fr\/index.php?rest_route=\/wp\/v2\/pages\/13\/revisions"}],"predecessor-version":[{"id":1141,"href":"https:\/\/www.scriptorium.d100.fr\/index.php?rest_route=\/wp\/v2\/pages\/13\/revisions\/1141"}],"wp:attachment":[{"href":"https:\/\/www.scriptorium.d100.fr\/index.php?rest_route=%2Fwp%2Fv2%2Fmedia&parent=13"}],"curies":[{"name":"wp","href":"https:\/\/api.w.org\/{rel}","templated":true}]}}